{"id":10522,"date":"2025-11-04T17:26:43","date_gmt":"2025-11-04T20:26:43","guid":{"rendered":"https:\/\/luzsollar.com\/lj2\/?post_type=product&#038;p=10522"},"modified":"2026-04-30T10:46:24","modified_gmt":"2026-04-30T13:46:24","slug":"syflar-pd-led-tpd-543-55w-ps","status":"publish","type":"product","link":"https:\/\/luzsollar.com\/lj2\/produto\/syflar-pd-led-tpd-543-55w-ps\/","title":{"rendered":"SYFLAR PD LED TPD-543 55W PS"},"content":{"rendered":"<p>SYFLAR PD LED TPD-543 55W PS<\/p>\n","protected":false},"excerpt":{"rendered":"<p>Tamanho: CABO: 3,5 METROS (AJUST\u00c1VEL) 100X200MM (9 PE\u00c7AS) &#8211; Temp. Cor: 3000K 4000K 6500K &#8211; Material: ACR\u00cdLICO + PS<\/p>\n","protected":false},"featured_media":6243,"template":"","meta":[],"locations":[119],"product_brand":[58],"product_cat":[84],"product_tag":[],"class_list":{"0":"post-10522","1":"product","2":"type-product","3":"status-publish","4":"has-post-thumbnail","6":"locations-brasilia","7":"product_brand-syflar","8":"product_cat-pendentes-decor","10":"first","11":"instock","12":"sale","13":"shipping-taxable","14":"purchasable","15":"product-type-simple"},"_links":{"self":[{"href":"https:\/\/luzsollar.com\/lj2\/wp-json\/wp\/v2\/product\/10522","targetHints":{"allow":["GET"]}}],"collection":[{"href":"https:\/\/luzsollar.com\/lj2\/wp-json\/wp\/v2\/product"}],"about":[{"href":"https:\/\/luzsollar.com\/lj2\/wp-json\/wp\/v2\/types\/product"}],"wp:featuredmedia":[{"embeddable":true,"href":"https:\/\/luzsollar.com\/lj2\/wp-json\/wp\/v2\/media\/6243"}],"wp:attachment":[{"href":"https:\/\/luzsollar.com\/lj2\/wp-json\/wp\/v2\/media?parent=10522"}],"wp:term":[{"taxonomy":"locations","embeddable":true,"href":"https:\/\/luzsollar.com\/lj2\/wp-json\/wp\/v2\/locations?post=10522"},{"taxonomy":"product_brand","embeddable":true,"href":"https:\/\/luzsollar.com\/lj2\/wp-json\/wp\/v2\/product_brand?post=10522"},{"taxonomy":"product_cat","embeddable":true,"href":"https:\/\/luzsollar.com\/lj2\/wp-json\/wp\/v2\/product_cat?post=10522"},{"taxonomy":"product_tag","embeddable":true,"href":"https:\/\/luzsollar.com\/lj2\/wp-json\/wp\/v2\/product_tag?post=10522"}],"curies":[{"name":"wp","href":"https:\/\/api.w.org\/{rel}","templated":true}]}}